1, what is 2638aa79 + 5?
2638aa83
In base 2, what is 11111011110010110111111100111 + 100?
11111011110010110111111101011
In base 3, what is 20112 + 21200000002?
21200020121
In base 8, what is -1262 + 57311?
56027
In base 10, what is -2114315 + -2?
-2114317
In base 5, what is 2112 - 1403113?
-1401001
In base 4, what is -32120 + 2330310?
2232130
In base 16, what is 1 - 1af717?
-1af716
In base 12, what is 180717 + 1?
180718
In base 8, what is -70453 - -116?
-70335
In base 4, what is -330011 + -1133303?
-2123320
In base 10, what is -147 + -25807?
-25954
In base 15, what is 3a + -d70?
-d35
In base 13, what is -19077acc5 + 3?
-19077acc2
In base 14, what is -89 + 14022b3?
1402228
In base 15, what is -7164d - 25?
-71673
In base 11, what is 700254a - -4?
7002553
In base 16, what is -1 - 13f7d0fc?
-13f7d0fd
In base 11, what is -1 - -25248?
25247
In base 6, what is 1 - -31122122?
31122123
In base 2, what is -111001111111011101010 + 101101?
-111001111111010111101
In base 11, what is -54aa16 - -11?
-54aa05
In base 15, what is 1a - -28b943e?
28b9459
In base 10, what is -507108 - -10?
-507098
In base 8, what is 33624346 - -1?
33624347
In base 16, what is 299f18 + a?
299f22
In base 13, what is -14 + -14792?
-147a6
In base 6, what is 300 + -42011?
-41311
In base 9, what is -38 - -164737?
164688
In base 6, what is -4402140 + -4031?
-4410211
In base 4, what is 10 - 321313202010?
-321313202000
In base 4, what is 21 - 1302001133210?
-1302001133123
In base 12, what is 5 - 1494259?
-1494254
In base 10, what is 48864432 + -12?
48864420
In base 7, what is -623 + 30556120?
30555164
In base 11, what is 59 - -12972?
12a20
In base 7, what is 200564 - 10246?
160315
In base 6, what is -3334 + -221504?
-225242
In base 7, what is -155321220 - 4?
-155321224
In base 12, what is 97868 - -90?
97938
In base 4, what is 1222131 + -210032?
1012033
In base 12, what is -4b5 - 37877?
-38170
In base 9, what is -4 + 223604430?
223604425
In base 8, what is -32633 + 2615?
-30016
In base 3, what is 10 + 22001112121210?
22001112121220
In base 13, what is 19517194c - -2?
195171951
In base 10, what is 13960165 + -3?
13960162
In base 7, what is -231022056 + -1?
-231022060
In base 15, what is 5 + 249307?
24930c
In base 10, what is 5886649 + 1?
5886650
In base 15, what is -561bc + -74?
-56241
In base 12, what is -20725719a + -1?
-20725719b
In base 6, what is -34452103 + -100?
-34452203
In base 13, what is -1 - 2bc1979?
-2bc197a
In base 13, what is 1357921 - -6?
1357927
In base 15, what is -bd649 + 45?
-bd604
In base 13, what is 46c0a - 120?
46aba
In base 12, what is -13a2736 + -53?
-13a2789
In base 8, what is -2 + -11603740?
-11603742
In base 13, what is -10 - 5250ac?
-5250bc
In base 13, what is 37 + 273b636?
273b670
In base 15, what is -367ebee - 8?
-367ec07
In base 4, what is -20031312000 - -11?
-20031311323
In base 15, what is 2 + -676dc9?
-676dc7
In base 15, what is 355 + -8b4?
-55e
In base 6, what is -3341544 + 355?
-3341145
In base 6, what is 50 - 4405440?
-4405350
In base 14, what is -1069d9ba - 3?
-1069d9bd
In base 14, what is 91aa - 282?
8d28
In base 6, what is -501 - -30254514?
30254013
In base 15, what is -1b + 34642?
34626
In base 9, what is 13118 - -706?
13825
In base 8, what is -222 + -2521720?
-2522142
In base 12, what is -73100 - -10?
-730b0
In base 13, what is 2cc241 - b?
2cc233
In base 10, what is -160410 + -1331?
-161741
In base 8, what is -537101 - 542?
-537643
In base 9, what is -102154 + -615?
-102770
In base 4, what is -111 - -113011133?
113011022
In base 7, what is 3 + -31305100?
-31305064
In base 14, what is -235c4 - 21?
-23605
In base 6, what is 2044333 - -122503?
2211240
In base 6, what is 4333500350 + 1?
4333500351
In base 8, what is 13474644 + -5?
13474637
In base 3, what is -1110112111200201 - -1?
-1110112111200200
In base 13, what is -b70a716 + -3?
-b70a719
In base 2, what is -111110100011011011 - 11000?
-111110100011110011
In base 11, what is 87732 - 82?
87660
In base 16, what is -18fbfb78 - -5?
-18fbfb73
In base 9, what is -324 + 235574?
235250
In base 9, what is -21854 - 2?
-21856
In base 4, what is -1222 - 111101000?
-111102222
In base 5, what is -4 - 2001211120?
-2001211124
In base 6, what is 1505 - -2213223?
2215132
In base 14, what is -4d5a - -40c?
-494c
In base 10, what is -30697 + -2090?
-32787
In base 11, what is 343952069 - -1?
34395206a
In base 13, what is -3ba0 - -17?
-3b86
In base 4, what is -2222022 - -131323?
-2030033
In base 9, what is 4216302 + -43?
4216248
In base 6, what is -1145434 - 1302?
-1151140
In base 7, what is -52245342 - 15?
-52245360
In base 10, what is -24 - 776886?
-776910
In base 9, what is 14 + 34354211?
34354225
In base 3, what is -12 + -12120112210122?
-12120112210211
In base 8, what is 2130 + -11021?
-6671
In base 12, what is -15 + -379672?
-379687
In base 16, what is f5d0 + 693?
fc63
In base 3, what is 222111122200202 + 2?
222111122200211
In base 16, what is 68e0 - 210?
66d0
In base 14, what is 192 - 1b075?
-1acc3
In base 6, what is 403401 + -3002?
400355
In base 6, what is -235255 - 520?
-240215
In base 14, what is 3 - -32b10c5?
32b10c8
In base 15, what is -5 - c3c5a4?
-c3c5a9
In base 2, what is 101 - -11101110101111101010010?
11101110101111101010111
In base 6, what is 121 + 44254223?
44254344
In base 6, what is 25 + 232304455?
232304524
In base 3, what is 102211121010212110 - -11?
102211121010212121
In base 6, what is 24 + -14110332?
-14110304
In base 9, what is -3 - 4756584?
-4756587
In base 9, what is -778 - 515582?
-516471
In base 4, what is -13021031 + -1203000?
-20230031
In base 12, what is -18a407 - 2a6?
-18a6b1
In base 15, what is 0 - -1a604a1?
1a604a1
In base 11, what is -44645 - 0?
-44645
In base 7, what is 543164 + 1460?
544654
In base 5, what is -43041422 - -21023?
-43020344
In base 10, what is 220 + -1416134?
-1415914
In base 2, what is -1001001011001 + -100000101011001?
-101001110110010
In base 3, what is -2 + -22221120220?
-22221120222
In base 10, what is 1065784 + 100?
1065884
In base 12, what is 373265 - -39?
3732a2
In base 15, what is 4 - beee6e?
-beee6a
In base 7, what is 4 - -55152226?
55152233
In base 5, what is -2 - 204432221101?
-204432221103
In base 9, what is -672238 - -143?
-672085
In base 12, what is -144b59430 - 2?
-144b59432
In base 13, what is 2449 + -c65?
14b4
In base 13, what is 35cc0 - -1a?
3600a
In base 9, what is 10014155 + 4?
10014160
In base 5, what is -22111003 - -34?
-22110414
In base 9, what is 34251533 - 5?
34251527
In base 16, what is -5 + 18a02d?
18a028
In base 4, what is -1132 + 100203202?
100202010
In base 14, what is -9 + 4c07c5?
4c07ba
In base 5, what is -32004 + -101431?
-133440
In base 14, what is 1 + 58238c?
58238d
In base 2, what is -10110000000001 + -10010001001?
-11000010001010
In base 16, what is 6e + -f7046?
-f6fd8
In base 11, what is 485 - 109a71?
-109597
In base 4, what is 10113 + 13211321?
13222100
In base 9, what is -3006 - 58761?
-62767
In base 8, what is 27065 - -3122?
32207
In base 5, what is -304443113134 + 2?
-304443113132
In base 3, what is -2221221 + 21001010?
11002012
In base 7, what is 433 + -2500232?
-2466466
In base 13, what is -5 - 299670?
-299675
In base 4, what is -10 + -12301030112313?
-12301030112323
In base 12, what is 2 + 10a7480?
10a7482
In base 12, what is 1a611a82 + 5?
1a611a87
In base 4, what is 132312130010 + 113?
132312130123
In base 10, what is -7868 - -116050?
108182
In base 4, what is 1221 - 13311202300?
-13311201013
In base 16, what is -211d - -1f598?
1d47b
In base 8, what is -1422532 + 54?
-1422456
In base 15, what is -1a3ade + -305?
-1a3de4
In base 9, what is -22745 + 25872?
3126
In base 8, what is 4154307 - -2344?
4156653
In base 9, what is -55146 - -12786?
-42250
In base 6, what is 1521 + 323104?
325025
In base 16, what is 2 - -27ead14?
27ead16
In base 13, what is -a62b1 - 27?
-a6308
In base 16, what is 139fb - 2f?
139cc
In base 8, what is -2 - 6447154?
-6447156
In base 5, what is 23121213 + -1400?
23114313
In base 11, what is -120073 + 53?
-120020
In base 7, what is -2 + -406151446?
-406151451
In base 7, what is -42245 - -11621?
-30324
In base 6, what is -2055024 + 10025?
-2044555
In base 13, what is -293862 + 7?
-293858
In base 6, what is -205 + -21320445?
-21321054
In base 13, what is -b0 + -8132a?
-8140a
In base 11, what is 2481526